e number?
False
Is 443489 composite?
False
Is 687277 prime?
True
Is 10007 a prime number?
True
Is 305157 a prime number?
False
Is 11311 prime?
True
Is 6805 prime?
False
Is 283147 prime?
False
Is 252313 a prime number?
True
Is 169967 composite?
True
Is 13529 composite?
True
Is 404483 composite?
False
Is 61211 prime?
True
Is 65749 prime?
False
Is 566395 a composite number?
True
Is 287135 prime?
False
Is 124447 prime?
True
Is 195341 prime?
True
Is 60217 a composite number?
False
Is 349099 a prime number?
True
Is 261959 a prime number?
True
Is 51577 a prime number?
True
Is 44351 a prime number?
True
Is 274061 composite?
False
Is 110119 composite?
False
Is 4847 a composite number?
True
Is 219359 composite?
True
Is 143681 a composite number?
True
Is 1907 a composite number?
False
Is 221873 composite?
False
Is 744569 prime?
False
Is 23093 a composite number?
True
Is 21313 composite?
False
Is 23993 prime?
True
Is 400409 prime?
True
Is 235769 composite?
True
Is 32909 composite?
False
Is 34231 composite?
False
Is 97 a prime number?
True
Is 2069555 composite?
True
Is 85031 a composite number?
True
Is 57446 a prime number?
False
Is 15595 a composite number?
True
Is 129911 composite?
True
Is 515087 prime?
True
Is 565943 composite?
True
Is 15031 a prime number?
True
Is 31013 a prime number?
True
Is 15959 a composite number?
False
Is 46589 a composite number?
False
Is 89 prime?
True
Is 3407 a composite number?
False
Is 57895 a prime number?
False
Is 443 composite?
False
Is 18899 a composite number?
False
Is 1543 a prime number?
True
Is 405947 a composite number?
False
Is 109229 a composite number?
False
Is 297191 a prime number?
True
Is 180929 a prime number?
False
Is 1371079 a prime number?
True
Is 4903 composite?
False
Is 3607 prime?
True
Is 1931 a prime number?
True
Is 246289 a composite number?
False
Is 46807 composite?
False
Is 41651 a composite number?
False
Is 47051 a prime number?
True
Is 12515 a prime number?
False
Is 34285 prime?
False
Is 705001 a composite number?
True
Is 1680743 composite?
False
Is 321 a composite number?
True
Is 877 a prime number?
True
Is 5297 composite?
False
Is 235307 a composite number?
False
Is 109357 a composite number?
False
Is 76871 composite?
False
Is 12039 a composite number?
True
Is 1025989 composite?
True
Is 55597 a composite number?
True
Is 54521 prime?
True
Is 277661 composite?
True
Is 11299 prime?
True
Is 671 a composite number?
True
Is 89227 a prime number?
True
Is 143137 a prime number?
True
Is 3449 prime?
True
Is 8285 prime?
False
Is 8563 prime?
True
Is 133481 prime?
True
Is 151597 composite?
False
Is 31817 composite?
False
Is 41291 composite?
True
Is 745 composite?
True
Is 4663 prime?
True
Is 580655 prime?
False
Is 3705157 a prime number?
False
Is 18035 prime?
False
Is 41281 a prime number?
True
Is 142521 composite?
True
Is 15101 prime?
True
Is 6883 a prime number?
True
Is 10037 a composite number?
False
Is 29593 a composite number?
True
Is 7817 a composite number?
False
Is 396213 a composite number?
True
Is 21381 prime?
False
Is 3769229 a composite number?
False
Is 29851 a composite number?
False
Is 9773 prime?
False
Is 25562 prime?
False
Is 16781 prime?
False
Is 111593 a composite number?
False
Is 7403 composite?
True
Is 51599 a prime number?
True
Is 6029 a prime number?
True
Is 26669 composite?
False
Is 3791 composite?
True
Is 2357 a composite number?
False
Is 16867 a composite number?
True
Is 8353 a prime number?
True
Is 39499 a composite number?
False
Is 43867 composite?
False
Is 143011 composite?
True
Is 476891 composite?
False
Is 218249 prime?
True
Is 556373 composite?
False
Is 41893 prime?
True
Is 68443 a prime number?
True
Is 86753 prime?
True
Is 21433 prime?
True
Is 2457569 a prime number?
True
Is 26735 a prime number?
False
Is 8903 a prime number?
False
Is 8999 composite?
False
Is 6041 composite?
True
Is 213713 a prime number?
True
Is 317819 prime?
False
Is 46231 a composite number?
True
Is 421249 a composite number?
True
Is 19171 composite?
True
Is 35971 prime?
False
Is 6707 composite?
True
Is 26167 a composite number?
True
Is 16847 a prime number?
False
Is 19661 a composite number?
False
Is 15595 prime?
False
Is 38693 composite?
False
Is 9619 composite?
False
Is 11101 prime?
False
Is 8639 a composite number?
True
Is 17257 a prime number?
True
Is 1151 composite?
False
Is 127 a prime number?
True
Is 13217 prime?
True
Is 1563 a composite number?
True
Is 164501 prime?
False
Is 21553 a composite number?
True
Is 8182 a composite number?
True
Is 25369 composite?
True
Is 1709 composite?
False
Is 20469 a composite number?
True
Is 666761 composite?
True
Is 36419 composite?
True
Is 1472417 prime?
False
Is 353959 prime?
False
Is 7057 a prime number?
True
Is 330873 prime?
False
Is 36763 composite?
True
Is 7433 a composite number?
False
Is 1480597 a composite number?
False
Is 4622 a prime number?
False
Is 43853 a prime number?
True
Is 8651 composite?
True
Is 1167 a composite number?
True
Is 581 composite?
True
Is 49399 a prime number?
False
Is 86455 a composite number?
True
Is 612203 a composite number?
True
Is 145913 a prime number?
False
Is 5711 prime?
True
Is 17893 composite?
True
Is 2513 a composite number?
True
Is 220973 composite?
False
Is 289 composite?
True
Is 5349 prime?
False
Is 130069 a composite number?
False
Is 101719 a prime number?
True
Is 1073 a prime number?
False
Is 196505 composite?
True
Is 2477 composite?
False
Is 17902 composite?
True
Is 139643 a prime number?
False
Is 1340723 a composite number?
False
Is 6717595 a composite number?
True
Is 57413 a prime number?
True
Is 130319 a composite number?
True
Is 38489 composite?
True
Is 1509319 composite?
True
Is 8623 prime?
True
Is 263 composite?
False
Is 135397 prime?
False
Is 28789 a prime number?
True
Is 354829 a prime number?
True
Is 7141 a composite number?
True
Is 9091 prime?
True
Is 3943 a prime number?
True
Is 16637 a prime number?
False
Is 267407 prime?
False
Is 90121 composite?
False
Is 4321 a composite number?
True
Is 240841 a prime number?
True
Is 243329 prime?
False
Is 1948699 composite?
False
Is 10973 prime?
True
Is 88589 composite?
False
Is 815 a composite number?
True
Is 64781 composite?
False
Is 48629 composite?
True
Is 15467 prime?
True
Is 7283 prime?
True
Is 26869 a composite number?
True
Is 169151 a prime number?
True
Is 264083 prime?
True
Is 182057 prime?
True
Is 6557 a composite number?
True
Is 51751 prime?
False
Is 78133 a prime number?
False
Is 3102557 composite?
False
Is 161569 prime?
True
Is 9283 a composite number?
False
Is 105761 a prime number?
True
Is 39803 prime?
False
Is 52007 a composite number?
True
Is 179 a prime number?
True
Is 572519 composite?
False
Is 15857 composite?
True
Is 1570645 a prime number?
False
Is 79669 composite?
False
Is 2402 a prime number?
False
Is 103339 a prime number?
False
Is 430519 a prime number?
False
Is 28537 a composite number?
False
Is 43133 composite?
False
Is 577307 prime?
True
Is 42037 composite?
True
Is 1543 a prime number?
True
Is 18583 a composite number?
False
Is 3989 prime?
True
Is 1211 prime?
False
Is 4891 prime?
False
Is 34877 a prime number?
True
Is 61141 composite?
False
Is 57263 a composite number?
True
Is 526385 a prime number?
False
Is 49303 composite?
True
Is 789 prime?
False
Is 19531 composite?
False
Is 233627 composite?
True
Is 5006 a prime number?
False
Is 1109 prime?
True
Is 131863 prime?
False
Is 5737 a composite number?
False
Is 285191 prime?
True
Is 3847 a composite number?
False
Is 12563 prime?
False
Is 728111 a prime number?
False
Is 4885 composite?
True
Is 80263 a prime number?
True
Is 40438 a prime number?
False
Is 3291 prime?
False
Is 1346 prime?
False
Is 107419 a composite number?
True
Is 50927 prime?
False
Is 4721 prime?
True
Is 130267 composite?
False
Is 20849 prime?
True
Is 45293 prime?
True
Is 21161 prime?
False
Is 635 a composite number?
True
Is 11791 a composite number?
True
Is 19697 composite?
False
Is 2065879 a prime number?
True
Is 11959 a composite number?
False
Is 283511 a prime number?
True
Is 80141 a prime number?
True
Is 2951 composite?
True
Is 3453 a prime number?
False
Is 52553 a prime number?
True
Is 1115 a composite number?
True
Is 589253 a prime number?
False
Is 175051 a composite number?
True
Is 592451 a composite number?
False
Is 